 3*p + 30. Let g be j(-7). Suppose -g*q = -q + 5*a - 196, -3*q = -a - 556. What is the tens digit of q?
8
Let b = -1180 - -612. Let r = b - -764. What is the tens digit of r?
9
Suppose 11*l + 130020 = 50*l - 42633. What is the hundreds digit of l?
4
Suppose 5*m - v - 69821 + 20507 = 0, v = 4*m - 39451. What is the tens digit of m?
6
Let w = 19982 + 11286. What is the units digit of w?
8
Let n(o) = -993*o + 3863. What is the ten thousands digit of n(-34)?
3
Suppose 0 = 183*d - 2022858 - 1706316. What is the hundreds digit of d?
3
Suppose 5*q - 10*f - 227940 = 0, 110612 = 5*q - 5*f - 117323. What is the hundreds digit of q?
5
Suppose -5*z - 4 = 1. Let x be 82/(-10) + z*(-4)/20. What is the units digit of (-2)/x - (2 + 413/(-28))?
3
Let i(w) = 5887*w**2 + 70*w - 68. What is the tens digit of i(1)?
8
Suppose w = -11 - 2. Let q be -1 + w - (-1 - 0). What is the units digit of (q - -1)/2 + 4 - -232?
0
Let j = 450 - -372. Suppose 818*f - j*f + 3728 = 0. What is the hundreds digit of f?
9
Let o be 12/9 + (-194)/(-3) + 1. Let v = 72 - o. What is the tens digit of ((-75)/(-9))/(-1)*(v + -14)?
7
Suppose c - 2 - 23 = 10. What is the tens digit of c?
3
Suppose -33*x + 36*x = 48. Suppose -10*s - 1908 = -x*s. What is the units digit of s?
8
Let x = 55005 - 34285. What is the ten thousands digit of x?
2
Let h(n) = -779*n + 1629. What is the tens digit of h(-17)?
7
Suppose 2*q + 485 = -2*t - 21, 0 = -2*t. Let b = q + 479. What is the hundreds digit of b?
2
Let a be 12/(-14)*(52/(-4) + -8). Suppose -b = -82 + a. What is the tens digit of b?
6
Suppose 4*b + 5*r = 47, 5*b + 2*r + 10 = 7*b. Let v(u) = u**3 - u**2 - 17*u - 4. What is the hundreds digit of v(b)?
3
Let j be ((-1505)/(-172))/((-2)/(-496)). Suppose 55*d - 57*d = -j. What is the tens digit of d?
8
Let k(a) = 6*a**2 - 7*a - 15. Let q be k(-3). Let x = 65 + q. Suppose -c = -3*j + 3*c + 198, -2*j = -5*c - x. What is the tens digit of j?
7
Let w(a) = 380*a + 124 - 163*a - 184*a. What is the units digit of w(17)?
5
What is the tens digit of (10*(-27)/(-360))/(3/16696)?
7
Suppose -82785 = -3*u - 3*f, -21*u = -23*u + 6*f + 55174. What is the thousands digit of u?
7
Let j be (-3244)/(-4) - (1 - 8). Suppose 4073 = 5*g + j. What is the units digit of g?
1
Suppose i + s + 3*s - 1 = 0, -s = -2*i + 2. What is the tens digit of ((-198)/(-11))/(i/31)?
5
Let g = 160 - 150. What is the units digit of ((12/g)/(-2))/(2/(-2430))?
9
Let k = 14647 - -12795. What is the units digit of k?
2
Let j = 107 + 154. Let o = j - 86. What is the units digit of o?
5
Let t = -21 + 13. What is the hundreds digit of ((-293)/4)/(2/t)?
2
Let q(u) = u + 19. Let w be q(-21). Let g be (w - (-1)/2)*8/6. Let l(h) = -5*h - 5. What is the units digit of l(g)?
5
Let w(a) = 2*a**2 + 24*a + 67. Let m be w(-9). Suppose m*z + 22*z - 49840 = 0. What is the thousands digit of z?
1
Let r be (-147)/42*(-4)/7. Let j(y) = 53*y**2 + 5*y - 16. What is the tens digit of j(r)?
0
Let f(x) = 2*x**3 - x**2 - 2*x - 4. Let c be f(2). Suppose 16 = -c*t + 4. What is the tens digit of (-5)/(-10)*94 - t?
5
Let s be (-2 + (-6)/(-15))/((-6)/15). Let g = 428 - -32. Suppose s*t - g = -t. What is the tens digit of t?
9
Let b = 596 - 149. Let f = b + -114. What is the tens digit of f?
3
Suppose -8 = -18*a + 14*a. Let k = -8 + 13. Suppose -a*q + 4 = 2*h - 6*q, 2*h - 4 = -k*q. What is the units digit of h?
2
Let s(t) = t**3 + 147*t**2 + 61*t - 1330. What is the hundreds digit of s(-145)?
8
Suppose h = 2*x - 19802, -4*x - 2*h - 2*h = -39616. What is the hundreds digit of x?
9
Let w be -7*(-6)/(18/6). Suppose -22*v + w*v = -2752. Suppose -27*z = -31*z + v. What is the units digit of z?
6
Let k = -6727 + 11292. What is the hundreds digit of k?
5
Let q = 65810 + -8277. What is the hundreds digit of q?
5
Let w = -38 + 52. Suppose 1416 = 22*b - w*b. What is the units digit of b?
7
Suppose 3*m - d + 5299 = 6*m, 5*m + 2*d = 8831. Let j = 2958 - m. What is the hundreds digit of j?
1
Suppose 39*l = -12*l + 9*l + 19404. What is the tens digit of l?
6
Let a be 1/3*-3*3*-1. Suppose -a*n + 11 = 2*n - 2*x, n + 5*x - 13 = 0. Suppose -128 = -n*h + 127. What is the units digit of h?
5
Let y = 7 + -7. Suppose -u + 6*u - 855 = y. Suppose 4*g - u = g. What is the units digit of g?
7
Let u(j) = -9*j**2 + 6*j + 12. Let g(a) = 5*a**2 - 3*a - 6. Let w(b) = 7*g(b) + 4*u(b). Let r be w(5). What is the units digit of -4*(r - -5) - -57?
3
Let z = 23309 - -6683. What is the units digit of z?
2
Let o(j) = -18*j - 93 + j**2 - 4*j**2 - 2*j + 6*j**2. What is the units digit of o(-7)?
4
Let o(d) = 32*d**2 + 12*d - 17. What is the units digit of o(-14)?
7
Let k(n) = -914*n + 1750. What is the hundreds digit of k(-14)?
5
Let k = -180 - -182. Suppose -3*d - 3*m + 629 = m, k*d = 3*m + 391. What is the hundreds digit of d?
2
Let x be (2 + -3)*(-1 + 6) - -389. Let k = -250 + x. What is the hundreds digit of k?
1
Let n(g) = -66*g - 7. Let r = -130 - -98. Let a = -34 - r. What is the hundreds digit of n(a)?
1
Let v(r) = -r**3 + 17*r**2 - 6*r + 5. Let u be v(6). What is the hundreds digit of u - (1 + 1 - (1 - -3))?
3
Suppose 0 = -24*v + 29*v - 5890. What is the tens digit of v/4*2 + 0/(-5)?
8
Let l = 107 + -44. Suppose 60*t - l*t + 48 = 0. What is the units digit of t/(-3)*(-2106)/52?
6
Suppose -m = y - 539, 2*y + 3*m - 1078 = 2*m. Let l = 887 - y. What is the units digit of l?
8
Suppose -21*l = -55451 - 51271. What is the thousands digit of l?
5
Suppose 0 = 11*c + 217 - 5453. Suppose 5*b = 3*u - 584, -4*b - c - 113 = -3*u. What is the tens digit of u?
0
Let p be (1/(-2))/((-4)/488). Suppose 4*i + 91 = -p. What is the tens digit of (-414)/(-5) + i/10 + 3?
8
Let d(j) be the second derivative of -5*j**3/6 - 14*j**2 + 4*j. Let x be d(-6). Suppose -4*z = -4*b + 20, -4*z + 43 = x*b + b. What is the units digit of b?
9
Let a(d) = -123*d - 220. Let t be a(-2). Let o = 976 - -582. Suppose o = t*h - 7*h. What is the units digit of h?
2
What is the thousands digit of (-10101)/234*4894/(-3) - (-2)/(-9)?
0
Let p = -4 - -4. Suppose 2*b - 3*k - 33 = 0, b - 2*b + 3*k + 21 = p. Suppose -72 = -4*i - 4*v, -i = -2*i + 2*v + b. What is the tens digit of i?
1
Suppose -12873 - 6861 = -22*u. What is the hundreds digit of u?
8
Let h = 1651 + -207. Suppose 4*a - h = i + 729, 4*i = 2*a - 1076. Suppose 0 = -7*j + a + 597. What is the hundreds digit of j?
1
Suppose 9 + 3 = 4*b, 2 = 2*v - 2*b. Suppose v*l - 7*l - 11 = -4*i, 3*l = 3*i - 6. Suppose i*o - 655 = 3*s, 0*s + 10 = -2*s. What is the hundreds digit of o?
1
Let x = -22483 + 10190. What is the hundreds digit of x/(-17) - (4 + 66/(-17))?
7
What is the hundreds digit of ((-16)/96*12)/(1*2/(-23866))?
8
Let o(n) = 13*n**3 - 22*n**2 - 21*n + 52. What is the ten thousands digit of o(13)?
2
Suppose 2991568 = 53*g + 128*g. What is the ten thousands digit of g?
1
Let z(i) = -869*i - 1111. What is the hundreds digit of z(-21)?
1
Suppose 328632 = 483*s - 459*s. What is the tens digit of s?
9
Suppose y - 2 = -1, -5*y = -4*t - 5. Suppose 0 = -g - 2*x + 7, g - 5*g + x - 8 = t. What is the units digit of (-21)/(-63)*(g + 118)?
9
Suppose 2*h - 4 = -0*h, 0 = -f + 4*h - 6. Suppose 0 = -0*i - f*i + 6. Suppose -i*k + 321 = 3*u, 5*u = u - k + 437. What is the tens digit of u?
1
Let y(j) be the third derivative of -7*j**4/8 + 15*j**3/2 - 7*j**2. Let w be y(-6). Let g = w - 23. What is the tens digit of g?
4
Let z = 80 - 10. Let q = -84 + z. What is the tens digit of (q/7)/((-2)/32)?
3
Let j = 12856 - 12940. Let h(t) = -t**3 + t**2 - 5*t + 6. Let d be h(6). Let k = j - d. What is the units digit of k?
0
Let o(y) = y**2 - 4 + 15 - 4*y**3 + 2*y - 13. Let g be o(-4). Suppose 4*c = -4*l + c + g, -3*l + 4*c + 209 = 0. What is the units digit of l?
7
Suppose -368*b + 280953 = -337*b. What is the hundreds digit of b?
0
Let p(o) = 5*o**3 + 14*o**2 - 12*o + 59. Let v(y) = 4*y**3 + 13*y**2 - 12*y + 59. Let q(z) = -3*p(z) + 4*v(z). What is the hundreds digit of q(7)?
8
Suppose 73*c - 105 = 58*c. Suppose 2893 = 3*j - c*g + 2*g, -2*j + 3*g = -1929. What is the hundreds digit of j?
9
Suppose 0 = 23*v + 6*v - 47212. Let f = v + -863. What is the hundreds digit of f?
7
Let q = 218 + -180. Suppose -44*k + q*k = -372. What is the units digit of k?
2
Let z(a) = 344*a**2 + 127*a - 782. What is the hundreds digit of z(6)?
3
Let d be 